 of 11237 and 17?
17
Calculate the greatest common divisor of 727568 and 48.
16
Calculate the greatest common divisor of 1159 and 2745.
61
Calculate the greatest common divisor of 324 and 20232.
36
Calculate the greatest common divisor of 589 and 20.
1
Calculate the highest common factor of 24348 and 96.
12
What is the highest common divisor of 1620 and 34740?
180
What is the greatest common divisor of 2 and 293264?
2
What is the greatest common factor of 5152 and 24656?
368
Calculate the highest common divisor of 31989 and 8.
1
What is the highest common divisor of 2158 and 4706?
26
Calculate the highest common divisor of 352 and 4032.
32
What is the highest common divisor of 2445 and 4475?
5
Calculate the greatest common divisor of 4081 and 689.
53
Calculate the highest common factor of 185 and 156325.
185
What is the greatest common factor of 63010 and 10?
10
What is the greatest common factor of 162 and 114?
6
What is the highest common factor of 4074 and 476?
14
What is the highest common divisor of 1116 and 45260?
124
What is the highest common factor of 55 and 151085?
55
Calculate the highest common divisor of 1029 and 168.
21
Calculate the greatest common divisor of 144 and 2636784.
144
What is the greatest common divisor of 330 and 11765160?
330
What is the greatest common factor of 3273 and 4725121?
1091
What is the highest common factor of 38907 and 198?
99
What is the highest common divisor of 152422 and 510?
34
What is the greatest common divisor of 26926667 and 127?
127
What is the highest common factor of 2238 and 101083?
373
What is the greatest common factor of 240324 and 1344?
84
What is the greatest common factor of 25078 and 4?
2
What is the greatest common divisor of 1060 and 7160?
20
Calculate the greatest common divisor of 955599 and 111.
111
Calculate the greatest common divisor of 426 and 3090.
6
What is the highest common factor of 120298 and 2?
2
Calculate the highest common factor of 2904 and 79134.
726
What is the highest common divisor of 75 and 113600?
25
Calculate the highest common divisor of 177 and 333.
3
Calculate the greatest common divisor of 87 and 27521.
29
Calculate the highest common divisor of 16106 and 3.
1
What is the greatest common factor of 321060 and 60?
60
Calculate the highest common divisor of 4 and 125213.
1
What is the highest common factor of 9089 and 2831?
149
Calculate the highest common divisor of 7527 and 2808.
39
Calculate the greatest common factor of 822044 and 604.
604
What is the highest common factor of 24 and 2418?
6
Calculate the highest common divisor of 147 and 25970.
49
What is the greatest common factor of 116629 and 10460?
523
What is the highest common divisor of 190762 and 1562?
22
What is the greatest common factor of 4029024 and 24?
24
Calculate the highest common divisor of 17675 and 75.
25
What is the greatest common factor of 33 and 2081442?
33
What is the highest common divisor of 8024 and 221?
17
Calculate the greatest common divisor of 140 and 270620.
140
Calculate the greatest common divisor of 93 and 268553.
31
Calculate the highest common divisor of 177750 and 5.
5
Calculate the highest common factor of 432 and 3083076.
108
What is the greatest common factor of 204 and 84144?
12
Calculate the greatest common factor of 557199 and 1215.
243
Calculate the highest common factor of 440924 and 605.
121
What is the greatest common factor of 12852 and 5950?
238
Calculate the greatest common factor of 1678390 and 350.
70
Calculate the highest common divisor of 1863534 and 2322.
258
Calculate the highest common divisor of 12272 and 199264.
208
Calculate the greatest common factor of 1920 and 4296.
24
What is the highest common factor of 50 and 4390?
10
Calculate the highest common factor of 983 and 10646873.
983
What is the highest common factor of 1020 and 132?
12
What is the greatest common divisor of 849 and 15?
3
Calculate the highest common divisor of 369 and 28905.
123
Calculate the greatest common divisor of 6356 and 364.
28
What is the highest common factor of 2268 and 8092?
28
Calculate the greatest common divisor of 2862 and 225.
9
Calculate the highest common divisor of 4566 and 4.
2
What is the greatest common factor of 198272 and 64?
64
Calculate the greatest common factor of 9490 and 3116516.
1898
What is the highest common factor of 46 and 517523?
23
What is the highest common factor of 3450 and 5658?
138
Calculate the greatest common divisor of 912 and 12711.
57
What is the highest common factor of 89667 and 861?
123
What is the greatest common factor of 369 and 62771?
41
Calculate the greatest common factor of 1190434 and 14.
14
Calculate the greatest common factor of 899 and 279.
31
What is the highest common factor of 3151 and 314689?
137
Calculate the highest common divisor of 3217029 and 51.
51
Calculate the greatest common factor of 18568080 and 888.
888
Calculate the highest common factor of 2443 and 5584.
349
Calculate the highest common factor of 1956 and 60.
12
What is the highest common divisor of 3170593 and 131?
131
Calculate the greatest common divisor of 8237736 and 2028.
2028
What is the highest common divisor of 351 and 9607?
13
Calculate the greatest common factor of 2223 and 103493.
247
Calculate the greatest common factor of 3 and 36111.
3
What is the highest common divisor of 4062454 and 242?
242
Calculate the greatest common factor of 186128 and 80.
16
Calculate the greatest common factor of 28078 and 3434.
202
Calculate the greatest common factor of 9309438 and 2754.
918
Calculate the greatest common divisor of 18 and 38082.
6
What is the greatest common factor of 117 and 37296?
9
Calculate the greatest common divisor of 75 and 53300.
25
What is the greatest common factor of 55056 and 444?
444
What is the greatest common divisor of 35334 and 1144?
26
Calculate the highest common divisor of 71658 and 62369.
1327
Calculate the greatest common factor of 2244 and 1188.
132
Calculate the highest common factor of 23 and 26496.
23
What is the highest common divisor of 144359 and 6589?
599
Calculate the greatest common divisor of 1232479 and 316.
79
What is the highest common factor of 5058 and 9?
9
What is the highest common factor of 5111 and 266?
19
What is the greatest common divisor of 59423 and 6916?
91
What is the greatest common divisor of 244110 and 24?
6
What is the highest common divisor of 4321 and 3103?
29
What is the highest common factor of 360 and 975000?
120
Calculate the highest common divisor of 20022 and 90522.
282
What is the highest common divisor of 51186 and 114?
114
What is the greatest common divisor of 461840 and 368?
368
Calculate the highest common divisor of 189972 and 2052.
108
What is the highest common divisor of 900 and 1663380?
180
Calculate the highest common divisor of 201936 and 5376.
336
Calculate the highest common factor of 72 and 756900.
36
Calculate the highest common divisor of 7881 and 2220.
111
What is the greatest common factor of 26073 and 9?
9
What is the greatest common factor of 1360314 and 4?
2
Calculate the highest common factor of 18686 and 4.
2
Calculate the greatest common factor of 21 and 4653075.
21
What is the highest common divisor of 26 and 665548?
26
What is the highest common factor of 1040 and 5148?
52
What is the highest common divisor of 104 and 949?
13
What is the highest common divisor of 720 and 174160?
80
What is the highest common divisor of 53775 and 1125?
225
What is the highest common factor of 2185 and 9937?
19
What is the highest common factor of 1265682 and 1524?
762
Calculate the greatest common factor of 3600 and 990.
90
What is the highest common factor of 33552 and 504?
72
Calculate the greatest common factor of 49197 and 465.
93
Calculate the greatest common divisor of 129264 and 72.
24
What is the highest common factor of 6966 and 40986?
162
Calculate the highest common divisor of 920 and 7040.
40
Calculate the greatest common divisor of 11991 and 420.
21
What is the highest common divisor of 26 and 47788?
26
Calculate the highest common factor of 1292 and 3112105.
323
What is the highest common divisor of 62 and 1529137?
31
What is the greatest common factor of 147961 and 99?
11
Calculate the greatest common divisor of 6613 and 778.
389
Calculate the h